omposite?
False
Let j(w) = -w**3 - 11*w**2 + 13*w + 17. Let x be j(-12). Let p be 7300/(-15)*(-6)/x. Let g = p + -393. Is g a prime number?
True
Let c(x) be the second derivative of 365*x**4/6 - 7*x**3/6 + 7*x**2 + 20*x. Is c(3) composite?
False
Let y = -357 - -246. Let h = y + 185. Is h a composite number?
True
Is (((-9926)/8)/(-7))/(2/136) a composite number?
True
Let d(n) = -16*n + 9. Let g be d(6). Let m be (-4)/6 + -145*4/12. Let c = m - g. Is c a composite number?
True
Let t(c) = -180*c + 2. Let u be t(-4). Let k = u - -855. Suppose k - 42 = 5*d. Is d a composite number?
False
Suppose 5*l + 1 = 36. Let d = 108 + l. Is d prime?
False
Suppose -3*b - 2 + 14 = 0. Suppose -2*o - 3*l + 927 = o, b*l = 8. Is o a prime number?
True
Suppose 2*w - 38*h + 35*h = 2417, -3*w + 3*h = -3630. Is w composite?
False
Let n = -260 - -419. Suppose -n + 761 = 2*p. Is p composite?
True
Let o = -9 - -1. Let c(b) = b**3 + 8*b**2 - b + 10. Let i be c(o). Let x = 241 - i. Is x a prime number?
True
Let c = -30 + 33. Suppose -246 = c*s - 2283. Is s a prime number?
False
Let q(g) be the second derivative of -g**3/3 + 211*g**2/2 + g. Is q(0) a prime number?
True
Suppose 543 = 23*p - 20*p. Let q = 304 - p. Is q a composite number?
True
Suppose -j + 136 = 2*u, -7 = -2*j + 1. Let w(m) = 11*m**2 + m - 2. Let x be w(1). Suppose -x = 4*i - u. Is i composite?
True
Suppose -2*f - g + 19 = 2*g, 0 = f + 3*g - 8. Suppose 2*z = 3*p + 7271, -p - 6 = -f. Is z composite?
False
Suppose -2*o + 3*v = -21833, 43661 = 4*o + 2*v - 7*v. Is o a prime number?
True
Let z = 12930 - -451. Is z prime?
True
Let j(b) = 59*b + 7. Let h(s) be the third derivative of -s**4/24 + 7*s**3/2 - 11*s**2. Let q be h(16). Is j(q) prime?
False
Let r(l) = -l**2 - 6*l + 3. Let c = 1 + -7. Let i be r(c). Suppose -i*j = 12 - 51. Is j prime?
True
Let d = 45 + -17. Let z be (-38)/(-14) + 8/d. Suppose 0 = s - 5*l - 69, z*s + 0*s = -5*l + 247. Is s a composite number?
False
Suppose -5*h = 4*t + 412, 0 = -4*h + 3*h + 5*t - 65. Let d(z) = 21*z**3 + 7*z**2 - 5*z - 3. Let y be d(4). Is (-32)/h - y/(-5) a composite number?
True
Let i(v) = 2416*v**2 + 27*v + 77. Is i(-6) a prime number?
False
Let v = 14 - 13. Let h be v/2*(10 + 0). Is h*((-72)/10)/(-4) a prime number?
False
Let k be (-10)/(-5) - 56/(-2). Suppose 0*i = 5*i - k. Suppose i*h = -h + 1421. Is h composite?
True
Suppose 4*b + 4*k - 1597 = 3171, k - 4759 = -4*b. Suppose -3*i = -b - 710. Is i composite?
True
Suppose -4*g = g - 35. Suppose 2*u + 3*x = -10, -g = u - 4*u + x. Is 14 + (1 - 1)*u composite?
True
Suppose g - 36092 = -5*k, -7635 - 6797 = -2*k - 2*g. Is k a prime number?
True
Let t(s) = 128*s**2 - 1. Let b = 42 + -43. Is t(b) composite?
False
Suppose -q + 4*k = -104, 2*k + 190 = -q + 3*q. Let l = q + 57. Is l a prime number?
True
Suppose -13*s = -8*s - 360. Is 4/(-20) - 54/(-15)*s a composite number?
True
Let m be -3*(10/5 - 3). Suppose -7029 = -m*x - 558. Is x a composite number?
True
Suppose -5*w - 20 = 0, 0*w + 148 = 5*y + 3*w. Suppose 0 = -0*h - 4*h + y. Is (1 + 1)/(h/580) prime?
False
Suppose 17*j = 20*j - 2589. Is j a prime number?
True
Let k = 5552 + 3909. Is k prime?
True
Suppose 0 = 3*m + 12 + 12. Is m/(-2) + (-645)/(-5) composite?
True
Suppose 2*c - 10 = 0, 4*g + 6*c - 27 = 3*c. Let o(d) = -d - 11. Let l be o(-16). Suppose 4*p = -l*t + 2057, -820 = t - g*t - 3*p. Is t a prime number?
False
Suppose 0 = 2*j - k - 11562, 6*k - 23096 = -4*j + k. Is j a composite number?
False
Suppose -5*d + 1 + 4 = 0. Let g be (-2)/2*d - -1. Suppose v - 3*i - 83 = -4*v, v - 2*i - 11 = g. Is v a composite number?
False
Let l = 35 - 35. Is (-11920)/20*(1 - l)/(-2) a prime number?
False
Suppose 5 = w - 0. Suppose f - 842 = -5*v + 8, w*v + 15 = 0. Is f a prime number?
False
Suppose 7*l - 11*l = 0. Suppose -7*s + 3*s - 4*k = 0, l = 5*s + 4*k - 2. Suppose -2*q + 65 = 2*y - 91, -5*q - s*y = -387. Is q composite?
True
Let j(o) = o**3 - 5*o**2 + 4*o - 6. Let a be j(4). Let i(c) = -2 - 2*c + 2*c**2 - 3 + 2*c - 7*c. Is i(a) a composite number?
False
Suppose -b = -3*z - 41242, -41247 = -b + 11*z - 9*z. Is b composite?
False
Suppose 3*j = 3*r + 3069, 6*j - 8*j = 5*r - 2011. Is j a composite number?
True
Is (-5)/((-35)/(-28)) + 1013 a prime number?
True
Is 9/(-27)*(-18438)/((-6)/(-3)) a prime number?
False
Let z = -201 - -374. Let q = z - 384. Let p = q + 297. Is p composite?
True
Let c(l) = 446*l - 201. Is c(7) composite?
True
Let x(y) = 1103*y + 69. Is x(4) a composite number?
False
Let z = -10 + 11. Suppose -z + 7 = 2*y. Is (-5 - (y - 5)) + 56 composite?
False
Let t be (6/(-4))/1*(-294)/1. Suppose 0 = 3*u - 3*j - t, -9*j = 3*u - 7*j - 451. Is u a prime number?
True
Suppose 4*v = v + 2*j + 29191, 0 = v - 3*j - 9721. Is v a prime number?
True
Suppose 3*r = 22*m - 24*m + 32647, -m - 2*r = -16321. Is m prime?
False
Suppose -17*p = -7*p - 10670. Is p a prime number?
False
Let s = -18109 + 29690. Is s composite?
True
Suppose -d = 3*d - 16332. Is d composite?
True
Suppose 0 = 2*b + 2*u - 24, -5*b = -5*u - 13 - 7. Suppose -b*l + 2490 = 2*l. Is l a composite number?
True
Suppose 5*h - 4*k - 141795 = 0, 3*k = -3*h + 41800 + 43304. Is h prime?
False
Let d be (-3 - (-102)/36) + 16887/18. Suppose q - d = 815. Is q a prime number?
True
Suppose -558 - 1411 = -i. Is i prime?
False
Let s(u) = -21*u + 5. Let g = 30 - 36. Is s(g) a prime number?
True
Let z = 23657 - 12986. Is z prime?
False
Let f(d) be the second derivative of 5/6*d**3 + 1/2*d**4 + 5*d**2 + 1/20*d**5 - 3*d + 0. Is f(-4) prime?
False
Let t(v) be the second derivative of v**4/4 - v**3/6 - 19*v**2/2 - 5*v. Is t(-14) a composite number?
True
Suppose -5*s + 10*s - 18729 = -2*f, 5*f + 2*s = 46875. Is f a composite number?
False
Let d = -64 - -68. Suppose 10*g = d*g + 3474. Is g a prime number?
False
Suppose o = 4*h + 2142 + 3209, 3*o - 4*h = 16045. Is o prime?
True
Let j = -2190 - -4749. Is j prime?
False
Let l(z) = z**3 - 43*z**2 + 15*z + 258. Is l(47) prime?
False
Is 24/(-44) + 2708150/110 prime?
False
Suppose -595 + 108 = -l + 5*o, -2*l + 1002 = 4*o. Suppose -3*x + l = 2*x + 4*w, -3*w = 3*x - 297. Let v = 10 + x. Is v prime?
False
Suppose -12*i + 4431 = -7*i + j, 3*i = 3*j + 2673. Is i composite?
False
Let z = -5430 - -7649. Is z a composite number?
True
Suppose -2*m = -3*m. Suppose 0*v + v - 4 = m. Suppose 0 = 5*k - 15, 3*b = -0*b + v*k + 189. Is b composite?
False
Let i(z) = 2*z**3 - 14*z**2 + 13*z - 4. Let g be i(6). Is (1/g)/((-6)/(-2292)) composite?
False
Let y(k) = k**3 - 2*k**2 - k + 3. Let g = -9 + 16. Let u be 1*-2 + (13 - g). Is y(u) a prime number?
True
Suppose 2*t = -d + 364 + 190, -3*t + 3*d + 831 = 0. Let a = -96 + t. Suppose -q + 10 = -a. Is q a composite number?
False
Let z = 49518 + -33701. Is z a prime number?
True
Let k = -13 - -13. Suppose k*w - 3 = -3*w. Is 3/(-6)*w*-314 prime?
True
Suppose -24 - 21 = -9*o. Suppose -o*a + 17709 = -2*q, 2*a - 4489 = q + 2594. Is a composite?
True
Suppose 5*v - 2*v = 3*w + 9, 2*v = -5*w - 1. Is 2 - -1 - (-1057 + w) a prime number?
True
Let c(r) = -r**3 + 11*r**2 + 6*r - 7. Let v be c(9). Let p = v - -852. Suppose 4*d = 3*d + p. Is d prime?
True
Let o(r) = r**2 + 13*r + 15. Suppose 4*y + 5*h + 27 = 4, -4*h = -20. Let x be o(y). Suppose -41 = -x*m + 70. Is m composite?
False
Let h(y) = 524*y. Let x be h(-2). Let b = x - -1749. Is b a prime number?
True
Let x(y) = -8*y - 3. Let z be x(3). Let n = z - -29. Let u(b) = 86*b**3 - 2*b**2 - 2*b + 3. Is u(n) prime?
False
Let i(h) = -3*h - 6. Let v be i(-6). Let a = 91 - v. Let n = a - -112. Is n a composite number?
False
Let u = 4827 + -454. Is u a composite number?
False
Let x(s) = 10 - 2 - 28*s - 17. Is x(-5) prime?
True
Let o(x) = x**3 - 4*x**2 - 7*x + 4. Let u be o(5). Is (5 - (-1330)/(-15))*u/2 prime?
True
Suppose 2*o = 7*o - 2195. Suppose -o = 3*j - 5*n, j = -0*j - 5*n - 133. Let q = -28 - j. Is q prime?
False
Let b(c) = -14 + 1 + 88*c - 8 + 0. Is b(4) composite?
False
Suppose -57*n + 77*n - 23020 = 0. Is n composite?
False
Is -9*16/(-144) - (1 + -10219) composite?
True
Suppose 4*m - v - 17 = 0, -2*m - v - 1 = -8. Suppose 3*c = -m*h + 27 + 13, 0 = -c - h + 12. Suppose n = -3*n - c, -r + 4*n + 453 = 0. Is r composite?
True
Suppose -i = 4, -3*a + 3*i + 1135 = -i. Is a a composite number?
False
Let n = -17 + 17. Suppose t + 2*t + 2*a =